- 8. Let g be d(-9). What is the units digit of -1 + 8 - 0/g?
7
What is the tens digit of (-4606)/(-21) - (2/(-3) - 0)?
2
Let h = 21 + 7. What is the tens digit of h?
2
Let p(k) = -3*k + 1. Let w be p(-5). Suppose -4*u = -w, -v + 28 = 4*v - 3*u. What is the units digit of v?
8
Let g = 10 + -6. Suppose 53 = g*a + 9. What is the tens digit of a?
1
Let b(g) = g**3 - g**2 - g + 33. Let i be b(0). Let x = -6 - -11. Suppose 98 - i = x*w. What is the units digit of w?
3
Suppose -3*v + 20 = 5*u - 5*v, -22 = -u + 4*v. Let y(k) = 2*k + 9. Let p be y(0). Suppose 0 = -f + t + p, -f + 37 = 2*f + u*t. What is the units digit of f?
1
Suppose 3*j = 6 - 3. Suppose -u + 41 = j. What is the tens digit of u?
4
Suppose 748 = 4*a - 4*s, -s - 74 = 3*a - 631. What is the hundreds digit of a?
1
Let l(n) = n**3 - 5*n**2 + n**2 + 6 + 2*n - 10. Let z be l(4). Suppose -z*h = 4*y - 12, 0 = 5*y - 2*h + 6*h - 13. What is the units digit of y?
1
Let n(c) = 3 - 5 - 6*c**2 - 4*c - 2*c**3 + 2*c + 0. What is the units digit of n(-4)?
8
Let h(i) = -10*i - 7. What is the tens digit of h(-7)?
6
Suppose 3*u - 129 = 18. What is the units digit of u?
9
Let i be 93 + (-3)/1 + 2. Suppose 3*j + 5*m - 15 = 13, -i = -5*j + 3*m. What is the units digit of j?
6
Let z(b) = b**2 + 6*b + 22. What is the units digit of z(-13)?
3
Suppose 3*k - 5*k = -20. Suppose 7*h = 2*h + k. Suppose -h*o - o = -24. What is the units digit of o?
8
Let h(l) = 4*l - 6 - 11*l**2 + l**3 - 4 + 8*l. What is the units digit of h(10)?
0
Suppose 0 = -3*p - 5*s + 177, 0*s + 204 = 3*p - 4*s. What is the tens digit of p?
6
Suppose -5*n = -5*a - 5, -5*a - 7*n + 45 = -2*n. Suppose i + 4 = -6*f + 3*f, 12 = -a*f - 3*i. Suppose f*r - 2 = -2*r. What is the units digit of r?
1
Suppose -5*f + 55 = -0*f. Let l(i) = 4*i**2 - 16*i - 1. Let z be l(5). Let v = z - f. What is the units digit of v?
8
Let c(n) = -n**3 - 3*n**2 - n + 3. What is the units digit of c(-3)?
6
Let o = -5 - -11. Suppose -5*k + 21 = -2*d, 0 = -2*d + o*d + k - 13. Suppose 4*l = d*x + 2*x + 48, 4*l + 5*x - 39 = 0. What is the tens digit of l?
1
Suppose -4*j = -2*o + 378, o + j + 2*j - 199 = 0. What is the units digit of o?
3
Suppose -3*c + 10 = -14. Let a = -7 + c. What is the units digit of a?
1
Suppose 5*g + 1 = 21. Suppose 4*m = -2*l - 6, 4*m = l - 2 + 5. Suppose -g*h + 2 + 26 = m. What is the units digit of h?
7
Suppose 2*n - c = 121, 2*n + 4*c + 1 = 97. Suppose 0 = 4*z + 5*a - 88, -5*z + 3*a = -89 - n. What is the units digit of z?
7
What is the units digit of 63 + (6/(-5))/((-3)/(-10))?
9
Suppose -2*s + 3*g + 12 = 2*g, 3*s - 3*g = 21. Suppose -122 = -s*x + 4*c + 31, -5*x = -2*c - 149. What is the tens digit of x?
2
Suppose -680 = -6*n + 490. What is the tens digit of n?
9
Suppose 0 = -2*f - 2*f + 20. Let m = -8 + f. Let g(z) = z**3 + 4*z**2 + 4*z + 4. What is the units digit of g(m)?
1
Let i(p) = -21*p - 27. What is the tens digit of i(-4)?
5
What is the units digit of (3/2)/((-1)/(-4))?
6
Let s(t) = t**2 + t + 8. What is the tens digit of s(4)?
2
What is the units digit of (79 + -1 - 4) + 2?
6
Let p = -11 + 23. What is the units digit of p?
2
Let s(i) = 13*i - 1. Let z(t) = 26*t - 2. Let p(a) = -5*s(a) + 2*z(a). What is the units digit of p(-3)?
0
Let c = 618 + -387. What is the tens digit of c?
3
Let q(v) = -v**2 - 11*v - 9. Let d(n) = -n**2 + 3*n - 6. Let c be d(4). What is the units digit of q(c)?
1
Let z(b) be the first derivative of -b**2/2 - 1. Suppose 3*i + 0*w + 15 = 3*w, -3*w + 12 = -2*i. What is the units digit of z(i)?
3
Let m(a) = -a**2 + a + 16. What is the tens digit of m(0)?
1
Let f = -202 - -284. What is the tens digit of f?
8
Let o be 3/(5/(-4) - -2). Suppose -3*j + 128 = 5*v, -o*j = 5*v - 205 + 41. Suppose 4*y = 2*y + j. What is the tens digit of y?
1
Let n(r) = r**2 - 5*r - 4. Let m be n(6). Suppose m*q + 0*q = 12. What is the tens digit of (-2)/q - 368/(-24)?
1
Let h(y) = -9*y - 3. Let f(q) = q**3 - q**2 - q - 2. Let u be f(0). Let o be h(u). Let j = -10 + o. What is the units digit of j?
5
Let f(b) = 5*b**3 - b**2 - 2*b. Let j be f(3). Suppose 2*z = 6*z - j. What is the units digit of z?
0
Let l = 12 + -7. Suppose l*o = o. Suppose 2*x - 11 = -5*h, o*h + 2 = -4*h + 2*x. What is the units digit of h?
1
Let d(q) = q - 3. Let g = 16 + -2. Suppose -i = i - g. What is the units digit of d(i)?
4
Let z(l) = -l**2 + 5*l - 3. Let o be z(4). Suppose 4*n + o = 21. Suppose -n*y = -50 + 15. What is the units digit of y?
7
Let q(w) = w**3 - w**2 + w + 8. Let m be q(0). Let t = 12 - m. What is the units digit of t?
4
Suppose -14 + 44 = -z + 5*o, 5*z - 5*o = -50. Let j = z + 8. What is the units digit of j?
3
Suppose r - 3*u = 325, 3*r + 0*u - 4*u = 960. Suppose 5*m + 116 - r = 0. What is the tens digit of m?
4
Let f be 14*((-10)/4 + 2). Let r = 10 + f. What is the units digit of r?
3
Let x = 0 - -1. What is the units digit of 9/9 - x*-22?
3
Suppose 2*v - 1 = 1, 0 = 4*r - v + 1. Let k = 2 + r. What is the units digit of k?
2
What is the tens digit of (3 - 1)*-1 - -4 - -66?
6
Suppose 0 = 3*d - 9, 9 = 5*y + 3*d - 0. Let v(a) = a**3 + 30. What is the tens digit of v(y)?
3
Let c be (-50)/15 - (-2)/6. What is the tens digit of 35 + (2 + c)*3?
3
Let f(y) = 4*y**2 - 33*y - 29. Let u(i) = i**2 - 8*i - 7. Let j(p) = 2*f(p) - 9*u(p). Let l be (1 + 0)/((-1)/(-5)). What is the units digit of j(l)?
0
Let w = -62 - -107. What is the units digit of ((-36)/w)/((-4)/110)?
2
Suppose -3*s - 4*d - 16 = -45, 46 = 2*s - 4*d. Suppose -l - 2*v + s = 0, l - 3*v - 16 = -3*l. Suppose -2*o + l*o - 55 = 0. What is the tens digit of o?
1
Suppose 5 = -2*m - 15. What is the units digit of m/(-4)*76/5?
8
Suppose 5*g = -4*m + 10, -5*g + 10 = -0*m - 4*m. Suppose g*v - 2*a = 28 - 0, -66 = -5*v + a. What is the tens digit of v?
1
Suppose 2*c - 3*m - 2*m = 47, -5*c + 135 = 5*m. What is the units digit of c?
6
Suppose -4*u - u + 10 = 0. Suppose -h = u*x - 30, 0*x + x - 10 = -3*h. What is the units digit of x?
6
Let p(o) = -13*o**3 + o**2 - o - 2. What is the units digit of p(-1)?
3
Suppose 2*l + 2*i - 30 = 0, -2*l = -0*i - 3*i - 10. What is the tens digit of l?
1
Suppose -3*j - 2*j = 4*x - 15, -5*j = -4*x - 55. Let b = 9 - j. Suppose -p = b*p - 24. What is the units digit of p?
8
What is the tens digit of (-6)/21 + (0 - 1770/(-21))?
8
Let j(v) be the second derivative of -v**3/6 + 7*v**2/2 + v. Let u be j(5). Suppose -18 = -d - u*d. What is the units digit of d?
6
Suppose 4*d - 4 = 4. Suppose 3*j = -q + 5*j + 35, 5*q = d*j + 135. What is the units digit of q?
5
Let g(b) = b + 2. Let s be g(0). What is the units digit of (0 - 3 - -26) + s?
5
Let m be ((-6)/5)/(2/(-5)). Suppose 0 = -m*x, 0*b - 4*b + 4*x = -8. What is the units digit of b?
2
Let z(r) = r**2 - 8*r - 2. Let j be z(8). What is the tens digit of (j + 1)*8*-2?
1
Let v be (5/(-3))/(1/(-3)). Let d be (-35)/(-25) + 3/v. Suppose -d*t + t = -14. What is the units digit of t?
4
Let f(d) = -d**2 + 10. Suppose -s = -4*s. Let z be f(s). Suppose -z = -4*a - a. What is the units digit of a?
2
Let y be (1 + (-12)/8)*-22. Let g = 16 + y. What is the tens digit of g?
2
Suppose -t + 36 = -188. What is the units digit of t?
4
Let h(t) = t**3 - t**2 + 3*t + 168. What is the hundreds digit of h(0)?
1
Suppose -5*w = -x - 30, 3*x = -4*w + w. Let i = 5 + x. Suppose 4*j - 21 - 23 = i. What is the tens digit of j?
1
Let f = 195 + -97. What is the units digit of f?
8
What is the tens digit of 944/10 - (-20)/(-50)?
9
Suppose 0 = 4*c - 115 - 101. What is the units digit of c?
4
Let x(m) = m**3 - 7*m**2 - 4*m - 8. What is the units digit of x(8)?
4
Suppose 4*v = -20, -2*v = -3*s - 85 + 548. What is the units digit of s?
1
Suppose -y = k - 20, -3*y = 6 - 3. What is the units digit of k?
1
Let d(k) = k**2 - 6*k + 7. What is the tens digit of d(-5)?
6
What is the tens digit of (-26)/(3/6*-1)?
5
Let c(w) = -w**2 + 6*w + 2. Let b be c(5). Let l = b - -17. What is the tens digit of 55/4 - (-6)/l?
1
Let q = 7 + -4. Suppose -g + q*g + y - 40 = 0, 2*g + 4*y - 46 = 0. What is the tens digit of g?
1
What is the hundreds digit of (-1116)/(-6) - (-4 - -2)?
1
What is the units digit of 10/(-3)*54/(-45)?
4
Let s(p) = -9*p**2 + p - 3. Let k be s(2). Let o = k + 57. What is the tens digit of o?
2
Let i be 1/1 + (-5)/1. Let m = 7 + i. Suppose 0 = 4*b + k - 18, 4*k + m = -4*b